3*w + 4*x = 1811, 269 = -2*w - 3*x + 1477. What is the units digit of w?
1
Let g = 5 - 5. Suppose 2*v - 82 - 34 = g. What is the units digit of v?
8
Let w be 627/121 + (-2)/11. Let n(h) = -h**2 + w + 1 - 3*h**2 - 2*h**2 - h - h**3. What is the tens digit of n(-6)?
1
Let t(l) = l**3 - 7*l**2 - 11*l + 10. Let m be t(8). Let u = m + 16. Suppose 3*p - 130 = -u*p. What is the tens digit of p?
2
Let l(n) = 4*n - 1. Let c(f) = 5*f - 1. Suppose -3*v - 3 = 9. Let z(p) = v*l(p) + 3*c(p). What is the units digit of z(-3)?
4
Let f(c) = 89*c**2 - 61*c + 381. What is the units digit of f(6)?
9
Suppose 5*p = 0, 114 = -5*n + 3*n + 4*p. Let y = -38 - n. Suppose 0*u + y = u. What is the units digit of u?
9
Let m = 1016 + -393. What is the units digit of m?
3
Suppose -3*w - w + 4*p = -16, 3*w = -4*p + 19. Let f be 3/6 - 10/(-4). Suppose 5*c - 3*o = -0*c + 32, -16 = -f*c + w*o. What is the units digit of c?
7
Suppose -63*x = -69*x + 168. Suppose 0 = -2*r - 10, -4*r - 25 = -3*h - 2*r. Suppose 4*w - x = 4*o, 15 = 3*w - 4*o - h. What is the units digit of w?
8
Let g(f) = -7*f**3 - f**2 - 8*f - 5. Suppose -6 + 14 = 2*c. Let t(z) = 6*z**3 + 7*z + 4. Let m(b) = c*g(b) + 5*t(b). What is the units digit of m(2)?
6
Suppose m - 808 = 5*v, m + 7*v - 6*v - 808 = 0. What is the units digit of m?
8
Let f(h) = 10*h**2 - 1. Let j be f(-1). Suppose -b + j - 4 = 0. What is the units digit of 25/(-2)*(b + -7)?
5
Let p = -2 + 4. Suppose n - 73 = -3*h, 0 = -3*h - 5 + 14. Suppose p*t + 2*t = n. What is the units digit of t?
6
Suppose -3*y + 547 = 4*k - 140, -5*k + 2*y + 830 = 0. What is the hundreds digit of k?
1
Suppose 5616 = -588*c + 594*c. What is the units digit of c?
6
Suppose 18572 = 4*o + 4*g, 0*o = 5*o + g - 23215. What is the hundreds digit of o?
6
Suppose -2*f + 11 = 1. Let x(z) = f*z**2 + 10*z - 4*z**2 - 18 + 17. What is the tens digit of x(-11)?
1
Suppose -11*f = -20*f + 2817. What is the hundreds digit of f?
3
Suppose -l - 1 = -5*r, 0 = 5*r + 3*l + 2 + 1. Let k(p) = -12 + 2*p**3 + 9*p**2 + r*p**2 - 2*p - p**3. What is the units digit of k(-9)?
6
Suppose u = 8*u - 189. Suppose -u + 9 = -2*k. What is the units digit of k?
9
Let k = -466 - -785. What is the hundreds digit of k?
3
Suppose 0 = 3*u + 2*y - 14, 0 = -5*y - 17 + 7. Suppose 11*h - 14*h + u = 0. Suppose -7*l + h*l = -5*w - 355, 3*l = -4*w + 178. What is the units digit of l?
6
Let u(j) = 7*j**2 + 20*j + 34. What is the tens digit of u(-21)?
0
Let t(s) = 363*s**3 - s**2 + 4*s - 4. What is the hundreds digit of t(1)?
3
Suppose 4*y + y = -2*z + 385, 0 = -4*z - 20. What is the units digit of y?
9
Let u be 4/(-10) + 1927/5. What is the tens digit of u/6 + 4/(-24)?
6
Suppose 5848 = a + 3*x + 1709, -16512 = -4*a - x. What is the thousands digit of a?
4
Suppose -3*p + 0*p - 168 = 0. Let a = 95 + p. What is the tens digit of a?
3
Let m(j) = j**3 + 8*j**2 + 4*j - 16. Let l be m(-7). Suppose l*v + 156 = 2*p, -5*p - v + 3*v = -348. What is the tens digit of p?
6
Let g = 11 - 9. Suppose 5*h = -2*b - 16, h = g*b - 2*h. What is the tens digit of (-7 + 1)/b + 56?
5
Suppose -2*u + 52 = 4*i, -u - u + 84 = -4*i. Suppose -3*h - 30 = -3*o, -4*h - 4*o + 5*o = u. What is the units digit of 6 - -3*h/6?
2
Let z(m) = 14*m - 70. What is the hundreds digit of z(18)?
1
Suppose -4*b + 5*x - 45 = 0, -b + 7 = x + 25. Let n be ((-33)/5)/(1/b). Suppose -334 = -5*m - n. What is the tens digit of m?
4
Suppose 0 = t - 3*q - 216, -4*t + t = 3*q - 588. What is the tens digit of t?
0
Let t(b) = -18*b**2 - 6*b - 4. Let w be t(-1). Let z(x) = -2*x + 14. What is the units digit of z(w)?
6
Suppose 4746 = 23*z - 9*z. What is the tens digit of z?
3
Let t be (-200)/(-52) - 2/(-13). Let g be (15 + -5)*2/t. Suppose -5*v + 4 + 1 = 3*a, 0 = -g*a - v + 45. What is the tens digit of a?
1
Let r(x) = -x**3 - 9*x**2 - x + 4. Let g be r(-9). Let n be (-1 - (-3)/3) + g. Suppose n + 4 = z. What is the units digit of z?
7
Let s(t) = 403*t - 2. Let u be s(-1). What is the tens digit of (-2)/(3 - (-1225)/u)?
8
Suppose 4 = n + n + 4*x, 22 = -4*n + 2*x. Let f be n/5*(-50)/20. Suppose -4*t + t - 126 = -4*l, -f*l - 3*t + 54 = 0. What is the units digit of l?
0
Let c(w) = -39*w + 1. Let i be (-9)/6 + 5/(-10). What is the units digit of c(i)?
9
Suppose -7*p = -8*p + 129. What is the units digit of p?
9
Let w(a) = -5 + 2 + 5*a - 4*a + 2. Let z be w(3). Suppose 4 = z*y + 2. What is the units digit of y?
1
Let x(b) = 3*b + 3. Let w = 22 + -17. Suppose w*d - o = 3*o + 56, -5*d + 44 = -o. What is the tens digit of x(d)?
2
Suppose 23*w - 18414 = w. What is the units digit of w?
7
Suppose -1773 = -3*z + 3*s, 2*s = -8*z + 9*z - 595. What is the hundreds digit of z?
5
Let h = 2725 - 714. What is the tens digit of h?
1
Suppose -4*r + 4*g - 251 = -r, -3*r + 2*g - 253 = 0. Let q be 1/3 + 415/(-3). Let m = r - q. What is the units digit of m?
3
Let g be (3 + 9)/6 + 2/(-1). Suppose g = m + 8 - 11. What is the units digit of m?
3
Let f(i) = 2*i + 6*i + i**3 - 13*i + 7*i + 2 + 4*i**2. Let c be f(-4). What is the tens digit of c/(-9)*(20 - 2)?
1
Suppose -3*t - s + 537 = s, -895 = -5*t - 5*s. Suppose 2*q - 4*m - 134 = 0, -6*m + m + t = 3*q. What is the tens digit of q?
6
Let p(x) = -21*x**3 + 3*x**2 + x - 1. Let b = -17 + 10. Let h = b - -6. What is the tens digit of p(h)?
2
Suppose 0 = 3*u - 6, 10*o - 2244 = 6*o - 2*u. What is the units digit of o?
0
Let q(y) be the second derivative of 5*y**4/6 - y**3/6 - y**2 - 2*y. Let p be q(2). Suppose -3*g + p = -15. What is the units digit of g?
7
Let z be (5/(-2))/5 - 66/(-12). What is the units digit of 65 - (z - 2 - 5)?
7
Let c be (-3)/(-3 + (-9)/(-2)). What is the units digit of 1/c*(-5 - 3)?
4
Suppose 3*c - 4439 = -2*x + 1837, 0 = 5*x - 3*c - 15669. What is the thousands digit of x?
3
Let z(f) = 13*f - 12. Let g be z(9). Suppose -6*s + 9*s = 2*o + 88, -g = -5*s - 5*o. What is the units digit of s?
6
Let s(q) = -24*q**2 + 2*q + 2. Let l be s(-1). Let v be (-8)/((l/(-15))/(-4)). Suppose -x + v = x. What is the units digit of x?
0
Let g(q) = 24*q - 66. Suppose 0 = -2*f - i + 11, 2*f = 4*i + 43 - 17. What is the tens digit of g(f)?
0
Let h = 3 - 3. Suppose -4*s = -h*s. Suppose s = 5*p - 7*p + 70. What is the tens digit of p?
3
Suppose -3*o - 2*i = -576, 0 = -o - 2*i - i + 185. Suppose -5*r + 599 = o. What is the units digit of r?
1
Let b(k) = -7*k + 3. Let q(g) = 7*g - 3. Let h(w) = -3*b(w) - 2*q(w). Let z be h(1). Suppose -5*c - 5 = j + 2, -z*j + 32 = 5*c. What is the units digit of j?
3
Let p(v) = -v**3 + 12*v**2 + 19*v - 14. Let j(r) = -13*r + 3. Let x be j(3). Let u = -23 - x. What is the tens digit of p(u)?
6
Let z(b) = b**2 - 7*b - 14. Let o be z(9). Suppose -33 = 5*y + 4*s - 160, o*y = 5*s + 77. Suppose -y = -3*t + 19. What is the units digit of t?
4
Suppose -f = 4*n - 12773, 3*n = 3*f - 441 + 10032. What is the tens digit of n?
9
Let o = 210 + 60. What is the units digit of o?
0
Suppose -4*y + 14 = 4*c - 22, -26 = -4*c - 2*y. Suppose -z + c = -33. What is the tens digit of z?
3
What is the tens digit of ((-11)/22)/(2/(-3036))?
5
Let m(i) = i**3 + 4*i**2 - i - 2. Let v be m(-4). Let q(t) = 30*t**2 - 6*t + 3. What is the units digit of q(v)?
1
Let u(l) = -18*l + 43. What is the tens digit of u(-7)?
6
Suppose 4*q = 2*q + 4. Suppose -469 + 26 = -5*u + q*i, -3*u = 2*i - 269. What is the units digit of u?
9
Let k = 897 - 490. What is the units digit of k?
7
Suppose 5*b = -15, -2*b = 4*g + 3*b - 253. What is the units digit of g?
7
Let m(u) = -18*u - 4. Let o be m(4). Let w = 52 + o. Let l = -16 - w. What is the units digit of l?
8
Let v be (-273)/18 + 1/6. Let b = v + 15. Suppose -2*w + 2*p + 24 = -b*w, -3*w - 4*p + 8 = 0. What is the units digit of w?
8
Let d = -4 + 8. Suppose -26 = -2*c + d*t, t = -4*t - 25. Suppose -2*r - c*r + 95 = 0. What is the units digit of r?
9
Let g = -3 - -3. Suppose w = -w, g = -p - 4*w + 5. Suppose p*f - 2*f = 24. What is the units digit of f?
8
What is the tens digit of 270*3 + (-26)/(156/(-12))?
1
Let v = 1423 + -532. What is the units digit of v?
1
Suppose -10*a + 16 = -6*a. Suppose -a*j + 2*g = -6, g = -j - 1 - 2. Suppose -4*s - q + 72 = -56, j = s + 3*q - 32. What is the units digit of s?
2
Suppose -1 = -v + 5*r - 2, -2*v + 2*r = -6. Suppose v*u = -4*h + 28, -h + 9 = -2*h + 3*u. What is the units digit of (h - (-36 